0. What is the units digit of h?
9
Suppose 2 = -3*u + 5*h + 104, -h = 4*u - 159. What is the units digit of u?
9
Suppose -2*o = -0*o - 36. Suppose 0 = -4*y + 2*y + o. What is the units digit of y?
9
Let k(p) = p**2 - 2*p + 1. Let q be k(3). Let i(t) = t**2 - 6*t + 5. Let m be i(q). What is the units digit of 7 - m/((-3)/(-1))?
8
Suppose l = -d - 4*d + 217, -138 = -3*d + 2*l. What is the units digit of d?
4
Let q = -619 - -889. What is the units digit of q?
0
What is the tens digit of (-4)/(-18) - (-804)/27?
3
Let o(g) = 4*g. Let c be o(2). Let y = c - -8. What is the units digit of y?
6
Let a(b) = -b**3 + 13*b + 7. Let d(u) = u**3 + u**2 - 12*u - 6. Let w(y) = 4*a(y) + 5*d(y). Let j = -91 - -85. What is the units digit of w(j)?
0
Let a = -18 + 33. What is the units digit of a?
5
Suppose 2*a = -2*n - 8, -n + 0*n - 22 = 4*a. Let f(t) = t**2 + 5*t - 5. Let v be f(a). What is the units digit of v/3 + (-8)/(-12)?
1
Let i = -3 + 1. What is the units digit of (i - -8)*(-4)/(-3)?
8
Let p(m) = -m - 11. Let g be p(-10). What is the units digit of (-1)/((-3)/(g + 25))?
8
Let r = 8 + -3. Suppose 62 = 3*u + r. What is the tens digit of u?
1
Let n(c) be the first derivative of c**3/3 - 3*c**2/2 + 3*c - 2. Let s be n(3). Suppose -19 = -4*f - s*u, -f + 0*u = 4*u - 8. What is the units digit of f?
4
Suppose 0 = 2*a + 3*l - 0 - 17, -5*a - l = -36. Suppose -a = -2*n - j, 3*n = -j + 11 + 2. What is the units digit of n?
6
Suppose 0 = -m - 4*m + 3*p + 9, 12 = -4*p. Suppose 3*g - 17 - 25 = m. What is the units digit of g?
4
Let l = -1 - -15. Suppose l = -b - b. Let v = 13 + b. What is the units digit of v?
6
Suppose 0 = -2*c + c. What is the units digit of -1*(-1 + c)*2?
2
Suppose 2*a - 68 = -2*k, -4*k = 5*a - 0*a - 165. Let m = 47 - a. What is the tens digit of m?
1
Let u(x) = -3*x**3 - 3*x**2. Let k be u(-2). Suppose k = -3*f, 4*f - f + 11 = -d. What is the units digit of d?
1
Suppose 3*o = -3*o + 258. What is the units digit of o?
3
Let m be 17 - (2/(-2) + 3). What is the units digit of (-9)/m + (-23)/(-5)?
4
Suppose -358 + 1954 = 6*r. What is the tens digit of r?
6
Suppose 5*v = -4*y + 10, 4*v = -2*y + 5*y + 39. Suppose -t = -6*t - 3*u + 24, -4*t = -2*u - v. What is the units digit of t?
3
Let i be (3/(-4))/(1/16). Let y be (i/8)/((-2)/4). What is the units digit of (-1)/y*-7*3?
7
Suppose 0 = 4*u - 77 - 51. Suppose j = -3*j + u. What is the units digit of j?
8
Let l = -4 + 2. What is the units digit of ((-195)/6)/5*l?
3
Suppose 0 = 15*c - 25*c + 280. What is the tens digit of c?
2
Let u(z) = 37*z - 1. Let b be u(4). Suppose 0*m + 4*m - q - b = 0, -3*m - 3*q = -114. What is the units digit of m?
7
Suppose n + 2*g = -n + 4, -4*n + 2 = -2*g. Let i(m) be the second derivative of m**3/3 - m**2/2 - m. What is the units digit of i(n)?
1
Let v = 52 - 34. Suppose -5*o = -2*s - v, 3*o = 8 + 4. What is the units digit of s?
1
Let l(h) = -h**3 - 6*h**2 - h - 3. Let k be l(-6). Let a be 1 - 2 - (-2 + k). What is the units digit of a/(-4)*-2 - -8?
7
Let y = 6 - 1. Let o = y - 2. What is the tens digit of 14 + (-6)/(o/1)?
1
Let q(p) = -p**2 - 9*p + 7. Let j be (-2)/1*(4 - 0). What is the units digit of q(j)?
5
Let a(h) = -h**3 - 6*h**2 - 5*h - 6. What is the tens digit of a(-6)?
2
Suppose -2*o + 41 = -w, o - 3*w + 8 - 31 = 0. What is the units digit of o?
0
Let d(g) = -3*g + 5. Let s(h) = -8*h + 14. Let p(o) = -11*d(o) + 4*s(o). What is the units digit of p(7)?
8
Suppose -3*h + 2*h = 5*d - 28, -4*h - 3*d + 180 = 0. What is the units digit of h?
8
Let s(k) = -k**2 + 8*k - 2. Let p be s(4). Let f = p - 6. What is the units digit of f?
8
Let a(h) = h + 5. Let p be a(0). Let z = -3 + p. What is the units digit of z - (0 + 0/3)?
2
Let j(s) = 7 - 2 - 2*s**2 + 3*s**2 - 6*s. Let o be j(6). Suppose o*k - 40 = 25. What is the units digit of k?
3
What is the units digit of ((785/(-10))/((-2)/4))/1?
7
Let o = -113 - -191. What is the units digit of o?
8
What is the units digit of 1/((-3)/(-81)) - -3?
0
Let l be (2/(-3))/2*-6. Suppose -l + 4 = o. What is the units digit of o?
2
Suppose -3*a + 140 = a. Suppose 0 = 3*m - a - 37. What is the units digit of m?
4
Let t be (2/(-4))/((-1)/6). Let u be 0*((-1)/(-2) - 1). Suppose s + u = t. What is the units digit of s?
3
Suppose 0 = 20*r - 17*r - 45. What is the units digit of r?
5
Let r be (-2 - -5)*1*-1. Let i(w) = -3*w - 4. Let p be i(r). Suppose -p*y - 5*u = -60, -2*u + 13 = -y + 2*u. What is the units digit of y?
7
Let a(l) be the first derivative of -3*l**2/2 - 2*l + 1. Let n be a(-2). Suppose 5*v - 11 = -z, 2*v - n*v + 59 = 3*z. What is the tens digit of z?
2
Let k(a) = -10*a**3 - 2*a**2 - 2*a - 1. Let u be k(-1). Suppose 24 = 3*m - u. What is the tens digit of m?
1
Suppose j = 3 - 16. Let y = j + 19. What is the units digit of (y/4)/((-21)/(-28))?
2
Suppose 4*l - 24 + 1 = -5*i, 0 = -4*i - l + 14. Suppose 8 = i*w - 37. Let k = -9 + w. What is the units digit of k?
6
Let p(g) = 3*g**2 + g + 2. Let s be p(-2). Suppose 3*x + x = s. What is the units digit of x?
3
Let v(k) = -k + 12. Let g be v(9). Suppose 2*u = 5*d - 3*u + 35, -4*d - 24 = -g*u. Let n = 5 - d. What is the units digit of n?
8
Suppose 3*q = -2*q + 115. What is the tens digit of q?
2
Let x be (-30 - 0)/(0 + 1). What is the tens digit of (160/48)/((-2)/x)?
5
Suppose 4*k = -4*b + 12, -k + 2*b = -2*b - 28. Let v(u) = -7*u + 3*u**3 - 3*u**2 - 2*u**3 - 6 - 4*u**2. What is the units digit of v(k)?
2
What is the tens digit of (42/8)/(18/96)?
2
Let n be (-2 - 2*-1)/1. Let m be -6*(n - 2/(-4)). What is the units digit of m*(-1 + 2)/(-1)?
3
Let h be (-3)/(-2) + 3/(-6). What is the units digit of 0 + h - (-4)/1?
5
Let t = 484 - 272. What is the hundreds digit of t?
2
Let v(n) = 117*n**2 - 4*n + 3. What is the hundreds digit of v(1)?
1
Let a(g) be the second derivative of -g**5/120 + g**4/6 + g**3/3 - 3*g. Let s(c) be the second derivative of a(c). What is the units digit of s(-5)?
9
Let h(v) = 0*v - 2 + 5 + 2 + 2*v. Let t be h(-5). Let l = t - -15. What is the units digit of l?
0
Suppose -2*m + 12 = 2*m. Suppose 5*f - 18 = -0*g - 2*g, m*g = -4*f + 27. What is the units digit of g?
9
Let s(z) = -6*z**2 + 6*z + 6. Let n(r) = -7*r**2 + 6*r + 7. Let g(v) = 5*n(v) - 6*s(v). What is the tens digit of g(9)?
2
Suppose -12 = 3*z - z. Let m(g) = g + 6. Let o be m(z). Let b = o + 1. What is the units digit of b?
1
Let m = -9 + 13. What is the units digit of m?
4
Let k = -1 + 1. Let r be ((-2)/3)/(-2)*21. Let w = r + k. What is the units digit of w?
7
Suppose -4*x - 106 = -374. What is the tens digit of x?
6
Suppose 8 = -4*c, 4*c + c = x - 14. Let y be ((-56)/(-16))/((-2)/x). Let o = y + 17. What is the units digit of o?
0
Let k(n) = -n**3 + 4*n**2 - 2*n - 2. Let v be k(4). Let w = -17 - v. Let t = -2 - w. What is the units digit of t?
5
Suppose 5*l - 16 = l. Suppose 22 = -3*d + i, 2*d + 0*d + l*i + 10 = 0. Let t = d - -24. What is the units digit of t?
7
Let l(u) = u**3 + 7*u**2 - u - 4. Let c be l(-7). Suppose -2*a + 0*a + 22 = 2*w, 0 = -a + 3*w + c. Suppose -5*j - a = -44. What is the units digit of j?
7
Suppose -2*y = 2*y - 2*m + 22, 4*y - 3 = -3*m. What is the units digit of 3 - (y - (0 - 1))?
5
Let c(g) = 2*g**2 - 11*g - 7. What is the tens digit of c(8)?
3
Suppose 0 = -8*p + 318 + 594. What is the hundreds digit of p?
1
Let g = -5 + -4. What is the units digit of 16 + 3/(g/(-3))?
7
Let z = -4 - -10. Suppose 0 = -2*d + 4*g - 2, 5*d - d - 3*g = z. Suppose -d = 5*q - 33. What is the units digit of q?
6
Let b = 548 - 193. What is the units digit of b?
5
Let q(x) = x + 3. Let v be q(-3). Suppose 0 = -2*t + 3*w + 68, -174 = -5*t + w - 4. Suppose v = 3*g - g - t. What is the units digit of g?
7
Suppose 2*s - 44 = -3*i, 0 = s + 11*i - 16*i - 9. What is the units digit of s?
9
Suppose 2*r - 5*r = -75. What is the tens digit of r?
2
Let m(f) = 4*f + 14. Let d be m(-6). What is the tens digit of (-246)/d - (-12)/30?
2
Suppose 3*r + 5*q + 32 - 73 = 0, 19 = 2*r - 5*q. Let u = -9 + r. What is the units digit of u?
3
Suppose 7*c - 9*c = -8. Suppose -2*o + 2*b - c*b + 42 = 0, 3*b + 29 = o. What is the units digit of o?
3
Suppose 4*a + 2*a + 36 = 0. What is the units digit of (-8)/a - (-6)/9?
2
Let a(r) = -r**3 + 3*r**2 - 4*r + 2. Let g be a(2). What is the tens digit of g + 4 + 5 + 3?
1
Let c be 19/3 + (-1